t is the units digit of (3/(-6))/(s/14)?
7
Suppose -388 = -4*y - 36. What is the units digit of y?
8
Suppose -3*q = 3*r + 66, -60 = 5*r - 4*q + 32. Let c = 44 + r. Suppose -b - c = -3*b. What is the units digit of b?
2
Let h = 2 - -66. Let i = -34 + h. What is the units digit of i?
4
Let u(d) = -d**2 + 11*d + 9. Suppose 3*i = -4 - 11. Let h(z) = -2*z. Let b be h(i). What is the units digit of u(b)?
9
Let m(c) = c**2 + 9*c + 1. Let j be m(-9). Let b be -2*(9 + j)*1. What is the tens digit of b/(-25)*(-70)/(-4)?
1
Let d(q) = q + 21. Let y be d(-16). Suppose -4*i + 52 + 28 = -4*z, -75 = -4*i + y*z. What is the units digit of i?
5
Let j(s) = -s**3 - 8*s**2 - s - 7. Let u be j(-8). Suppose -5*a + 4*i = -0*a + 43, 4*a = -4*i - 20. Let l = u - a. What is the units digit of l?
8
Let i(k) = -k + 4. Suppose -32 = -4*t + 4*j, -3*j = 5*t - 13 - 3. Let c be (-2 - 2)*t/2. What is the tens digit of i(c)?
1
Suppose 142 = 6*c - 2*c - 3*z, -c + 41 = 2*z. What is the tens digit of c?
3
Let m be (-2)/(-5) + 2/(-5). Suppose -c - 3*v = -1, -2*c + c = -3*v - 1. Suppose t - 5 + c = m. What is the units digit of t?
4
What is the units digit of 1 + -3 + -3 + 37?
2
Let i(u) = -49*u - 2. Let f be i(-2). Let q be f/(-10) - 3/(-5). What is the units digit of (-28)/(-36) + (-2)/q?
1
Suppose 4*a - 14 = 6. Suppose 0 = -a*m - 7 + 32. Suppose 20 + m = 5*h. What is the units digit of h?
5
Let d(c) = c + 15. Let q be d(-9). Let k(m) = -m**2 + 7*m - 7. Let x be k(q). Let s(g) = -9*g - 1. What is the units digit of s(x)?
8
Let w(g) = -5*g**2 + 24*g - 25. Let h(s) = s**2 - 5*s + 5. Let x(o) = -11*h(o) - 2*w(o). What is the units digit of x(5)?
5
What is the tens digit of 0 + (30 - (2 - 4))?
3
Let o = 10 - 4. Suppose -m - 6*c = -2*c - 8, m - 2*c = -4. Suppose m = -j - 0*j + o. What is the units digit of j?
6
What is the units digit of (-1 - 1)*-1*17?
4
Let i(y) = -4*y**3 + 31*y**2 + 33*y + 11. Let v(f) = -f**3 + 10*f**2 + 11*f + 4. Let d(h) = 2*i(h) - 7*v(h). What is the units digit of d(-7)?
2
Suppose -52 = -2*h - 2*i + 4*i, 36 = h + 4*i. What is the units digit of 1*4*77/h?
1
Suppose 64 = -4*z + 8*z. What is the units digit of z?
6
Suppose 29*i - 24*i - 20 = 0. Suppose 0 = i*n + 3*z - 105, -2*n + 13 = -z - 42. What is the units digit of n?
7
Suppose -4*o = -5*o + 21. What is the tens digit of o?
2
Suppose 33 = -b - 4*y, -2*y + 99 = -3*b + y. Let r = 19 - b. What is the tens digit of r?
5
Let s(b) = b**2 + 7*b + 10. Let z be s(-7). Let r be z*(5/2 + -1). Suppose r = 3*f - 4*p, 5*f - 1 - 7 = p. What is the units digit of f?
1
Suppose 0 = -2*z + 5*q - 9 + 27, -2*z + 6 = q. Suppose 3*x - 7*x - 8 = z*v, -8 = -2*x. Let p(k) = -3*k - 7. What is the tens digit of p(v)?
1
Let u(z) = z**2 + 5*z. What is the units digit of u(-6)?
6
Suppose q + 10 = -q. What is the units digit of (-46)/q - (-5)/(-25)?
9
Let q(j) = 3*j**3 + j**2 - j - 1. Let h be q(2). What is the tens digit of (-144)/(-10) - 10/h?
1
Suppose -s + 64 = 2*h - 0*h, -4*s = 0. What is the units digit of h?
2
Suppose -9 = -3*h, -8*h + 5*h - 1221 = -5*m. What is the hundreds digit of m?
2
Let c(v) = -v**3 + 3*v + 10. What is the tens digit of c(0)?
1
Suppose -25 = -4*y - 0*y + q, -4*y - 4*q = 0. Suppose 0 = -y*g + 7 + 3. What is the units digit of g?
2
Suppose -4*m - 115 + 450 = -5*d, 0 = 4*m - d - 323. What is the units digit of m?
0
Let w = -128 - -214. What is the units digit of w?
6
Suppose -4*y = 5*h - 6, 0*y = -2*y + 4*h + 16. Suppose 2*p = y*p. Let t(s) = s**2 - s + 11. What is the tens digit of t(p)?
1
Let y(t) = -7*t - 3. Suppose 0 = 5*r + 1 + 9. Let a be y(r). Let m = a - 8. What is the units digit of m?
3
Let t = 18 - 10. Let c = t + -2. What is the units digit of c?
6
Let q(d) = -5*d**3 - d**2 - 2*d + 1. What is the units digit of q(-2)?
1
Let o be -5 + 5 - (-1 - 2). Suppose o*v = 42 + 33. What is the units digit of v?
5
Suppose 0 = j + 4*j + 20. Let u = j + 7. What is the units digit of u?
3
Suppose -2*n + 4*n = 4. Suppose 18 - 2 = 4*v, 5*a - 21 = v. Suppose -n*t = 4, 0 = 3*u + 4*t + a - 3. What is the units digit of u?
2
Let f = -48 - -119. What is the units digit of f?
1
What is the units digit of (6/15)/((-2)/(-185))?
7
Let t = -32 - -43. What is the units digit of t?
1
Let m(g) be the first derivative of 5*g**4/6 + g**3/6 + 3*g + 1. Let t(b) be the first derivative of m(b). What is the units digit of t(-1)?
9
Let u = -5 - -3. Let c = 4 + u. Suppose 0*n - c = -2*n. What is the units digit of n?
1
Let p(v) = 4*v + 3. Let t(f) = -4*f - 3. Let g(s) = -5*p(s) - 6*t(s). What is the units digit of g(3)?
5
Let o(l) be the third derivative of l**5/20 - 13*l**4/24 - l**3 + 8*l**2. What is the units digit of o(7)?
0
Suppose 0 = c + 4*c - 135. What is the tens digit of c?
2
Suppose 0 = 2*b + 3*f - 9, 11 = 3*b - 4*f + 6*f. Let k = b - -29. What is the units digit of k?
2
Let z be (-153)/(-36) - 1/4. Suppose -3*h - 18 = -3*x, -z*x = -h - 7 - 26. What is the units digit of x?
9
Suppose 4*n + 21 = 7*n. What is the units digit of 6/(-21) - (-142)/n?
0
Let x be 160/(-25) - (-3)/(-5). Let d be 30/14 - (-1)/x. Suppose d*n = 3*n - 19. What is the tens digit of n?
1
Let f be (3 - 1)*4/2. Suppose 0 = -f*r - 6 - 2. What is the units digit of r/2*3*-1?
3
Suppose -4*b + 10 = b. Suppose 50 = 7*j - b*j. What is the units digit of j?
0
Suppose -20 + 60 = 2*y. What is the units digit of (-2)/(-5) + 92/y?
5
Suppose -4*p - 36 = -8*p. Let i = 17 + -2. Suppose -4*a - i = -p*a. What is the units digit of a?
3
Let f = 316 - 135. What is the tens digit of f?
8
Suppose 4*z - 4*f + 56 = 356, z + 3*f = 59. What is the tens digit of z?
7
Let q(v) = v**3 + 3. What is the tens digit of q(4)?
6
What is the tens digit of -2 - -35*2 - -3?
7
Let u be (1 - 2) + 1 + 0. Suppose -3*j + 0*j - 6 = u. Let b = 7 + j. What is the units digit of b?
5
Let i(q) = -q - 4. Let r be i(0). Let s = r + 10. What is the units digit of s?
6
Let o = -4 + 9. Suppose o + 19 = y + 4*i, -y = -2*i + 6. What is the units digit of y?
4
Suppose -2*w + 75 = 2*w - 5*h, -83 = -4*w - 3*h. Let s = 41 - w. What is the units digit of s?
1
Suppose 0 = 4*w + w + 15. Let h = w + 5. Suppose -h*j = -5*c + 27, 2*c - j - 12 = j. What is the units digit of c?
5
Let r = 62 + 13. What is the units digit of r?
5
Let m(t) = 7*t**2 + t + 2. Let y be m(2). Suppose 5*f = f - y. What is the units digit of 6/f + 35/4?
8
Let u(w) = 2*w - 6. Let n be u(4). Let j = n + -2. What is the units digit of j - (-9 - (2 - 3))?
8
Let b(h) = 3*h - 2 + h**3 + 5*h**2 - 1 + 3*h - 4*h. What is the units digit of b(-4)?
5
Let p be (-2 - (-1 + 1))*-1. Suppose -p*t = 4*l - 10, 7*l = 4*l + t + 15. What is the units digit of l?
4
Let n = -51 + 31. Let k be ((-4)/10)/((-2)/n). What is the units digit of ((-30)/(-9))/(k/(-6))?
5
Let o(v) = v**2 + 5*v + 6. Suppose -2*d + 5*d - 3 = 0. Let i be -2*(1 - (-1 - d)). What is the units digit of o(i)?
2
What is the units digit of (-16)/(2*(-1)/8)?
4
Let x(a) = -a**3 - 6*a**2 - 5*a + 7. Suppose -p - 14 = -0*p. Let i = 9 + p. What is the units digit of x(i)?
7
Let x(w) = w**2 + 13*w + 3. Let q be x(-13). Let i = q - -48. What is the units digit of i?
1
Suppose n + 72 = 5*n. What is the units digit of n?
8
Let j(z) = -z**2 - 11*z + 6. Let u be j(-11). Suppose -18 = 3*o - u*o. What is the units digit of o?
6
Let y = 243 + -91. What is the tens digit of y?
5
Let g = -20 + 40. What is the tens digit of g?
2
Suppose 4*w = 3*w + 2. Suppose -2*z + 0*q - w = -2*q, -19 = -z - 4*q. Suppose -z*i + 6 + 3 = 0. What is the units digit of i?
3
Let u = 66 - 35. What is the units digit of u?
1
Suppose -4*s + 5*c = -3, -2*s - c = -5*c + 6. Suppose 49 = 2*t + s. Let u = t - 13. What is the units digit of u?
8
Let o = 43 + 12. What is the units digit of 9/18*(o - 1)?
7
Let p = 4 + -5. Let i = p - 0. What is the tens digit of (i + -2)*30/(-9)?
1
Suppose 97 - 263 = -2*h. What is the tens digit of h?
8
Let z be (-12)/42 - (-116)/14. What is the units digit of ((-46)/z)/((-7)/28)?
3
Suppose -2 = -4*q + 6. Suppose -q = -3*g + g. Let n = g - -3. What is the units digit of n?
4
Suppose 0 = z, 2*f + 4*z = -3*f + 590. What is the tens digit of f?
1
Suppose 5*a + o - 12 = 16, -4*a + 5*o + 5 = 0. Suppose -70 = -0*t - a*t. What is the tens digit of t?
1
Suppose 5*x - q - q = 6, x - q - 3 = 0. Suppose 5*d - 5*p = -x*p + 210, -1